git of 226427?
6
What is the hundreds digit of 287039?
0
What is the hundred thousands digit of 211347?
2
What is the ten thousands digit of 531600?
3
What is the hundreds digit of 2310880?
8
What is the thousands digit of 1194328?
4
What is the hundred thousands digit of 826451?
8
What is the millions digit of 3214317?
3
What is the tens digit of 898033?
3
What is the tens digit of 91139?
3
What is the thousands digit of 859135?
9
What is the hundreds digit of 346275?
2
What is the thousands digit of 16730345?
0
What is the hundreds digit of 243624?
6
What is the thousands digit of 162219?
2
What is the millions digit of 9308566?
9
What is the tens digit of 5157804?
0
What is the millions digit of 4192457?
4
What is the units digit of 744536?
6
What is the thousands digit of 82738?
2
What is the hundreds digit of 545354?
3
What is the hundreds digit of 2995464?
4
What is the tens digit of 310520?
2
What is the units digit of 189671?
1
What is the thousands digit of 12910740?
0
What is the ten thousands digit of 1310929?
1
What is the tens digit of 12445722?
2
What is the ten thousands digit of 301089?
0
What is the hundred thousands digit of 713145?
7
What is the hundreds digit of 32526362?
3
What is the units digit of 2225365?
5
What is the millions digit of 7948276?
7
What is the units digit of 72809?
9
What is the tens digit of 306844?
4
What is the hundred thousands digit of 437584?
4
What is the hundreds digit of 51078?
0
What is the millions digit of 4239499?
4
What is the units digit of 1996578?
8
What is the thousands digit of 379394?
9
What is the units digit of 213322?
2
What is the hundreds digit of 703427?
4
What is the millions digit of 20267946?
0
What is the tens digit of 1094621?
2
What is the tens digit of 4927103?
0
What is the tens digit of 466270?
7
What is the hundreds digit of 6711606?
6
What is the ten millions digit of 25024316?
2
What is the tens digit of 342635?
3
What is the hundreds digit of 739841?
8
What is the thousands digit of 145480?
5
What is the tens digit of 880649?
4
What is the millions digit of 2958968?
2
What is the units digit of 1873208?
8
What is the tens digit of 2041910?
1
What is the hundreds digit of 22386167?
1
What is the units digit of 79921?
1
What is the millions digit of 7832745?
7
What is the thousands digit of 1388430?
8
What is the ten millions digit of 29986428?
2
What is the hundred thousands digit of 3301383?
3
What is the hundreds digit of 9567467?
4
What is the thousands digit of 3029265?
9
What is the tens digit of 7226482?
8
What is the thousands digit of 1953810?
3
What is the units digit of 84442?
2
What is the tens digit of 1638505?
0
What is the millions digit of 1430739?
1
What is the units digit of 1770658?
8
What is the ten thousands digit of 69805?
6
What is the units digit of 782953?
3
What is the thousands digit of 9701951?
1
What is the hundreds digit of 953643?
6
What is the ten thousands digit of 87861?
8
What is the hundreds digit of 4820051?
0
What is the units digit of 299887?
7
What is the tens digit of 955980?
8
What is the hundred thousands digit of 128305?
1
What is the thousands digit of 468531?
8
What is the millions digit of 1668182?
1
What is the units digit of 1337440?
0
What is the thousands digit of 393545?
3
What is the tens digit of 1678789?
8
What is the tens digit of 27845363?
6
What is the tens digit of 1095793?
9
What is the units digit of 43433989?
9
What is the units digit of 321307?
7
What is the hundreds digit of 247801?
8
What is the ten thousands digit of 2045494?
4
What is the units digit of 589707?
7
What is the hundreds digit of 1243574?
5
What is the thousands digit of 151784?
1
What is the ten thousands digit of 4183500?
8
What is the thousands digit of 152263?
2
What is the thousands digit of 1994665?
4
What is the hundred thousands digit of 1783952?
7
What is the millions digit of 2130612?
2
What is the tens digit of 919072?
7
What is the thousands digit of 19509?
9
What is the tens digit of 3947139?
3
What is the hundreds digit of 947246?
2
What is the tens digit of 10209079?
7
What is the hundreds digit of 12440?
4
What is the tens digit of 433294?
9
What is the hundred thousands digit of 15016741?
0
What is the millions digit of 19712066?
9
What is the units digit of 1149781?
1
What is the units digit of 423361?
1
What is the hundreds digit of 261142?
1
What is the hundred thousands digit of 311680?
3
What is the tens digit of 21221890?
9
What is the tens digit of 134474?
7
What is the millions digit of 1801812?
1
What is the hundreds digit of 91489?
4
What is the hundreds digit of 1057216?
2
What is the ten thousands digit of 182460?
8
What is the thousands digit of 23169?
3
What is the millions digit of 17478452?
7
What is the hundreds digit of 9098844?
8
What is the units digit of 2563552?
2
What is the units digit of 20181274?
4
What is the hundred thousands digit of 1951558?
9
What is the thousands digit of 928812?
8
What is the hundred thousands digit of 165469?
1
What is the thousands digit of 1727848?
7
What is the hundred thousands digit of 376776?
3
What is the thousands digit of 4510319?
0
What is the millions digit of 27962255?
7
What is the thousands digit of 2487580?
7
What is the tens digit of 119968?
6
What is the units digit of 220622?
2
What is the hundreds digit of 24043972?
9
What is the units digit of 350210?
0
What is the tens digit of 2152587?
8
What is the hundred thousands digit of 5799527?
7
What is the hundreds digit of 3008933?
9
What is the millions digit of 1778761?
1
What is the hundred thousands digit of 3849064?
8
What is the thousands digit of 2266432?
6
What is the hundred thousands digit of 251741?
2
What is the ten thousands digit of 3445324?
4
What is the hundreds digit of 9425186?
1
What is the units digit of 2896866?
6
What is the hundreds digit of 585919?
9
What is the thousands digit of 344321?
4
What is the ten thousands digit of 5263444?
6
What is the thousands digit of 884622?
4
What is the hundreds digit of 108882?
8
What is the millions digit of 1401678?
1
What is the ten thousands digit of 1859571?
5
What is the units digit of 838002?
2
What is the hundreds digit of 5679029?
0
What is the units digit of 229450?
0
What is the thousands digit of 403329?
3
What is the hundred thousands digit of 1353554?
3
What is the hundred thousands digit of 35385680?
3
What is the units digit of 195576?
6
What is the ten thousands digit of 1577992?
7
What is the hundred thousands digit of 100657?
1
What is the hundred thousands digit of 3252493?
2
What is the millions digit of 1698656?
1
What is the units digit of 32895?
5
What is the hundreds digit of 2011732?
7
What is the ten thousands digit of 2255125?
5
What is the thousands digit of 818628?
8
What is the hundred thousands digit of 320605?
3
What is the thousands digit of 12125960?
5
What is the ten thousands digit of 474418?
7
What is the thousands digit of 4436373?
6
What is the millions digit of 1606568?
1
What is the hundreds digit of 214684?
6
What is the hundred thousands digit of 6354475?
3
What is the tens digit of 101895?
9
What is the thousands digit of 4291278?
1
What is the units digit of 2234141?
1
What is the ten thousands digit of 2778645?
7
What is the millions digit of 28333414?
8
What is the units digit of 1908343?
3
What is the hundred thousands digit of 8513365?
5
What is the hundred thousands digit of 885435?
8
What is the hundreds digit of 921906?
9
What is the thousands digit of 3683198?
3
What is the thousands digit of 16154111?
4
What is the ten thousands digit of 3651333?
5
What is the tens digit of 279499?
9
What is the ten thousands digit of 58944?
5
What is the units digit of 656105?
5
What is the millions digit of 14828029?
4
What is the thousands digit of 13730302?
0
What is the hundred thousands digit of 2214825?
2
What is the thousands digit of 265454?
5
What is the ten thousands digit of 29409?
2
What is the ten thousands digit of 120798?
2
What is the units digit of 466172?
2
What is the ten thousands digit of 149982?
4
What is the units digit of 3085634?
4
What is the tens digit of 22114004?
0
What is the hundreds digit of 323249?
2
What is the hundred thousands digit of 682400?
6
What is the units digit o